q(29). Calculate the greatest common factor of 72 and z.
8
Let n be 292 + 6 + 6 + -18. What is the greatest common factor of n and 52?
26
Suppose c = -3*r + 7, -2*r = c + 1 - 7. Let l(x) = 7*x. Let j be l(c). Suppose -4*m + j + 52 = 0. Calculate the greatest common divisor of 20 and m.
20
Let h = 244 - 148. What is the greatest common divisor of 160 and h?
32
Suppose -5 = d, c - 80 = -3*d + 399. What is the highest common divisor of c and 38?
38
Let a be 1 + 0/2 + 4. Let u(f) = -f**2 + 8*f - 12. Let y be u(5). Let w(z) = z**3 - z**2 + z - 1. Let o be w(y). What is the greatest common divisor of o and a?
5
Let x = -121 + 189. Let f = -49 + x. What is the highest common divisor of 190 and f?
19
Let f be 3/3 - (-7 + -104). What is the highest common factor of 7 and f?
7
Let d = 44 - 51. Let l(j) = -j**3 - 8*j**2 - 10*j - 4. Let i be l(d). Let m(u) = u**2 + 136. Let s be m(0). What is the greatest common divisor of s and i?
17
Let s be 1/(-3) - (-16)/12. Suppose -s + 11 = 5*h. Suppose -3*y - 2*t = -158, 2*t = -h*y + 7*t + 80. What is the greatest common factor of 25 and y?
25
Let h(b) = -b**2 + 5*b + 7. Let s be h(6). Let n be 12*(-3 - (-7)/2). Suppose 4*q = x + n*q - 3, 3*q - 3 = 0. Calculate the greatest common divisor of s and x.
1
Let f(a) = -8*a**2 - 4 - a**3 + 2*a**2 + 3*a - 10*a. Let q be f(-6). Calculate the greatest common divisor of q and 152.
38
Suppose 145*x = 134*x + 154. What is the greatest common factor of x and 21?
7
Suppose -7*o + 5*q = -2*o - 4620, 0 = -o + 2*q + 921. What is the highest common divisor of o and 103?
103
Let k = 8 - 7. Let d be 3/((-6)/k)*-130. Suppose -407 = 29*r - 1161. What is the highest common factor of r and d?
13
Let x(i) = i**3 + 7*i**2 - i - 4. Let k be x(-7). Suppose -7*w + 56 = -k*w. Let c be ((-4)/8)/((-1)/42). Calculate the greatest common factor of c and w.
7
Let f be (-30)/195 + (-4)/(-26). Suppose f = 3*v + 3*v - 174. Calculate the greatest common factor of v and 29.
29
Let y(u) = u**3 - u**2 - 2*u + 10. Let c be (-3)/6*0/13. Let r be y(c). What is the greatest common divisor of 160 and r?
10
Let y be (-100)/(-70) - 3/7. Let r be y + (-894)/(-10) - 10/25. Calculate the highest common factor of r and 18.
18
Let p(u) = 12*u**2 + 3*u - 5. Let l be p(-4). What is the greatest common factor of 100 and l?
25
Let k be (-3 - -2)*(1 + -28). Let q(h) = h**3 + 7*h**2 + 7*h - 5. Let b be q(-5). Suppose -9*t - 135 = -b*t. What is the highest common divisor of k and t?
27
Suppose i + 54 = 3*i. Suppose -a + i = -0*a. Let y(q) = 8*q**2 - 2*q - 1. Let h be y(-1). Calculate the greatest common factor of a and h.
9
Suppose -2*a = -26 - 6. Suppose -r + 8 = 3*r. Suppose -2 = x - r*x, -578 = -4*v - x. Calculate the highest common factor of v and a.
16
Suppose 2*m = m - 33. Let b be (5 + -9)*m*1. Suppose 2*h - b = 50. What is the greatest common factor of 13 and h?
13
Let d = -65 - -65. Suppose d = t - 7 + 2. What is the greatest common factor of 45 and t?
5
Let t be 40 + 3/(-9)*-3. Let u = -1 + t. Suppose 0 = -4*a - 5*y + u, -2*a + 2*y - 6 + 26 = 0. What is the greatest common divisor of 30 and a?
10
Let f = -24 + 64. Let h be 1*21*(-42)/(-49). Let r = h - 13. Calculate the highest common divisor of f and r.
5
Suppose 5*l + 2*p = -205, -5*l - 3*p = -4*l + 28. Let s be (-20)/(-9) - 2/9. Let g = s - l. What is the highest common divisor of 15 and g?
15
Suppose 0 = -18*v + 24*v - 1020. Calculate the greatest common factor of v and 102.
34
Suppose -5*k + 4*r + 52 = -4*k, 0 = -5*k + 3*r + 192. What is the highest common factor of k and 108?
36
Let k be (1 - ((-5 - -1) + 6))*-4. Calculate the greatest common factor of k and 52.
4
Suppose 84 = m - 273. What is the greatest common factor of 105 and m?
21
Let f(n) = -7*n + 34. Let d be f(-11). Calculate the highest common factor of d and 74.
37
Let p(a) = 18 + a + 19 - 2. Let v be p(0). Calculate the highest common divisor of v and 245.
35
Let w = 6 - 1. Let q = -34 + 41. Let b = q - w. Calculate the highest common factor of 22 and b.
2
Let j(d) = -4*d + 35. Let u be j(-11). Let r = u - 61. Calculate the greatest common factor of r and 18.
18
Suppose 32*z - 37*z = -1260. Calculate the highest common divisor of z and 180.
36
Suppose -b = j - 39, -5*b - 366 = -5*j - 521. Suppose -2*t - t + 24 = p, t - 22 = -5*p. Calculate the greatest common divisor of b and t.
7
Suppose -39 = -48*f + 71 + 274. Suppose -100 = -p + 4*d, 4*p - 413 = -0*p + 3*d. What is the highest common divisor of p and f?
8
Suppose -2*d = 4, 4*l - 124 = 2*l + 2*d. What is the highest common divisor of 405 and l?
15
Suppose -2 = r - 0. Let t be ((-30)/12)/(2 + 5/r). Calculate the greatest common factor of t and 40.
5
Let r be (9 - 31)/(1 + -2). Suppose -r = -7*w + 48. Suppose -3*p = -p - 80. Calculate the highest common factor of p and w.
10
Let q(v) = 120*v**2. Let t be q(-1). Let h(c) = -4*c**2 + 46*c + 26. Let w be h(11). What is the greatest common factor of w and t?
24
Let m = -153 - -167. Let l = -168 - -280. Calculate the greatest common factor of m and l.
14
Let k be -3 + (-1)/(1/(-18)). Let i be (-3)/k + 245/(-25). Let v = i - -16. What is the highest common divisor of v and 18?
6
Let f = 747 + -702. Calculate the greatest common factor of f and 153.
9
Suppose 534*x = 538*x - 420. Calculate the highest common divisor of 35 and x.
35
Let n(x) = -14*x + 124. Let g be n(8). What is the greatest common divisor of 156 and g?
12
Let s be ((-12)/(-9))/4 - 2876/(-12). Calculate the greatest common factor of s and 45.
15
Let l(a) = -13*a - a**2 + 6*a - 3 + 21. Let j be l(-8). Suppose -u + 21 - j = 0. What is the greatest common factor of u and 121?
11
Let g(c) = 9 + 8*c + 14*c + 12*c - 33*c. Suppose 13 - 3 = 2*q. Let a be g(q). Calculate the highest common divisor of 28 and a.
14
Let c(o) = -37*o - 4*o - 23 + 31. Let z be c(-2). Let d = 21 + -12. What is the greatest common divisor of z and d?
9
Suppose -3*n + 280 = 2*y, -3*y + 403 - 9 = -2*n. Let s = -69 + y. Let t = 109 - s. What is the greatest common factor of t and 4?
4
Suppose -500 - 436 = -24*t. What is the greatest common divisor of t and 26?
13
Suppose -11*d + 730 = -293. Calculate the highest common factor of 3 and d.
3
Let i = -1549 + 1631. What is the greatest common divisor of i and 1353?
41
Suppose 51*g - 79*g = -1624. What is the greatest common divisor of 2726 and g?
58
Let m be (-3)/((-3)/(-2) - 99/54). What is the highest common factor of m and 297?
9
Suppose 0 = -2*q + 6*q + 388. Let u = 155 + q. What is the greatest common divisor of u and 145?
29
Suppose 0 = -r + 4 + 1. Let o be 0*(-1 + 2)*1. Suppose -9*b - 3*w + 109 = -4*b, o = -b + w + 17. What is the highest common divisor of b and r?
5
Let z = -83 + 128. Suppose -5*b - 4*n = -49, 4*n - 29 = -3*b + 2*n. Calculate the highest common factor of b and z.
9
Let a(q) = -6*q - 47. Let v be a(-8). Suppose 4*m = 7 + 5. Let h = 1 + m. Calculate the highest common divisor of v and h.
1
Let f be (1 + -7)*(-1)/3. Suppose -k = k - i - 2, -3*i + f = -2*k. Suppose -k*b + 24 = 6. What is the greatest common divisor of 3 and b?
3
Let s(c) = -c**3 + 7*c**2 + 15*c - 69. Let f be s(7). What is the highest common factor of 300 and f?
12
Let d(u) = u**2 - 7*u - 5. Let c be d(8). Let s = 10 - c. Suppose -460 = -4*z - 4*j, -s*z + 3*z + 3*j = -488. What is the greatest common divisor of 17 and z?
17
Let n be (-2)/6 + 9471/9 + -7. Calculate the highest common divisor of n and 190.
95
Suppose 0 = 4*g - 2*g + 8. Let v = g - -15. Suppose 3*n = -4*z + 243, -z = -3*n + 2*z + 222. Calculate the greatest common factor of n and v.
11
Suppose 5 = 4*o - 15, -3*d + 6 = -3*o. Let c(s) = s**3 - 5*s**2 - s - 7. Let h be c(d). What is the highest common divisor of h and 12?
12
Suppose -3*k = -6, s - 3*s + 648 = 2*k. Suppose -3*z + p = -2*z + s, 0 = -4*p. Let b be (-7)/14 + z/(-4). What is the highest common factor of b and 20?
20
Let c be (-256)/(-56) - 3/(-7). Let x be (c/(-1) + 2)/(-1). Calculate the greatest common divisor of x and 15.
3
Let d(h) = 41*h**3 - 2*h**2 + 5*h - 10. Let l be d(2). Calculate the highest common factor of l and 256.
64
Let i be 17/((2/10)/1). Suppose 4*k = 59 + i. What is the greatest common factor of 48 and k?
12
Let d be 14/8 + (-1)/(-4). Let a be (9 - 0)/(d - 1). Suppose -24 = -t + a. What is the